{"id":2611,"date":"2021-12-16T10:26:14","date_gmt":"2021-12-16T10:26:14","guid":{"rendered":"https:\/\/granitosurbanos.pt\/?page_id=2611"},"modified":"2021-12-16T11:56:20","modified_gmt":"2021-12-16T11:56:20","slug":"politica_de_privacidad","status":"publish","type":"page","link":"https:\/\/granitosurbanos.pt\/index.php\/politica_de_privacidad","title":{"rendered":"Pol\u00edtica de privacidad"},"content":{"rendered":"\t\t<div data-elementor-type=\"wp-post\" data-elementor-id=\"2611\" class=\"elementor elementor-2611\">\n\t\t\t\t\t\t\t\t\t<section class=\"elementor-section elementor-top-section elementor-element elementor-element-0ab0b79 elementor-section-content-middle elementor-section-boxed elementor-section-height-default elementor-section-height-default elementor-invisible\" data-id=\"0ab0b79\" data-element_type=\"section\" data-settings=\"{&quot;background_background&quot;:&quot;classic&quot;,&quot;animation&quot;:&quot;fadeIn&quot;}\">\n\t\t\t\t\t\t\t<div class=\"elementor-background-overlay\"><\/div>\n\t\t\t\t\t\t\t<div class=\"elementor-container elementor-column-gap-no\">\n\t\t\t\t\t<div class=\"elementor-column elementor-col-100 elementor-top-column elementor-element elementor-element-88d09fe\" data-id=\"88d09fe\" data-element_type=\"column\">\n\t\t\t<div class=\"elementor-widget-wrap elementor-element-populated\">\n\t\t\t\t\t\t\t\t<div class=\"elementor-element elementor-element-aec8954 elementor-widget elementor-widget-heading\" data-id=\"aec8954\" data-element_type=\"widget\" data-widget_type=\"heading.default\">\n\t\t\t\t<div class=\"elementor-widget-container\">\n\t\t\t<style>\/*! elementor - v3.6.5 - 27-04-2022 *\/\n.elementor-heading-title{padding:0;margin:0;line-height:1}.elementor-widget-heading .elementor-heading-title[class*=elementor-size-]>a{color:inherit;font-size:inherit;line-height:inherit}.elementor-widget-heading .elementor-heading-title.elementor-size-small{font-size:15px}.elementor-widget-heading .elementor-heading-title.elementor-size-medium{font-size:19px}.elementor-widget-heading .elementor-heading-title.elementor-size-large{font-size:29px}.elementor-widget-heading .elementor-heading-title.elementor-size-xl{font-size:39px}.elementor-widget-heading .elementor-heading-title.elementor-size-xxl{font-size:59px}<\/style><h1 class=\"elementor-heading-title elementor-size-default\">Pol\u00edtica de Privacidad<\/h1>\t\t<\/div>\n\t\t\t\t<\/div>\n\t\t\t\t\t<\/div>\n\t\t<\/div>\n\t\t\t\t\t\t\t<\/div>\n\t\t<\/section>\n\t\t\t\t<section class=\"elementor-section elementor-top-section elementor-element elementor-element-4a5d220 elementor-section-boxed elementor-section-height-default elementor-section-height-default elementor-invisible\" data-id=\"4a5d220\" data-element_type=\"section\" data-settings=\"{&quot;animation&quot;:&quot;fadeInUp&quot;}\">\n\t\t\t\t\t\t<div class=\"elementor-container elementor-column-gap-no\">\n\t\t\t\t\t<div class=\"elementor-column elementor-col-66 elementor-top-column elementor-element elementor-element-737ec4c\" data-id=\"737ec4c\" data-element_type=\"column\">\n\t\t\t<div class=\"elementor-widget-wrap elementor-element-populated\">\n\t\t\t\t\t\t\t\t<div class=\"elementor-element elementor-element-8bf9f70 elementor-widget elementor-widget-text-editor\" data-id=\"8bf9f70\" data-element_type=\"widget\" data-widget_type=\"text-editor.default\">\n\t\t\t\t<div class=\"elementor-widget-container\">\n\t\t\t<style>\/*! elementor - v3.6.5 - 27-04-2022 *\/\n.elementor-widget-text-editor.elementor-drop-cap-view-stacked .elementor-drop-cap{background-color:#818a91;color:#fff}.elementor-widget-text-editor.elementor-drop-cap-view-framed .elementor-drop-cap{color:#818a91;border:3px solid;background-color:transparent}.elementor-widget-text-editor:not(.elementor-drop-cap-view-default) .elementor-drop-cap{margin-top:8px}.elementor-widget-text-editor:not(.elementor-drop-cap-view-default) .elementor-drop-cap-letter{width:1em;height:1em}.elementor-widget-text-editor .elementor-drop-cap{float:left;text-align:center;line-height:1;font-size:50px}.elementor-widget-text-editor .elementor-drop-cap-letter{display:inline-block}<\/style>\t\t\t\t<div class=\"field-wrapper field field-paragraph--field-testo field-name-field-testo field-type-text-long field-label-hidden\"><div class=\"field-items\"><div class=\"field-item\"><div class=\"field-wrapper field field-paragraph--field-testo field-name-field-testo field-type-text-long field-label-hidden\"><div class=\"field-items\"><div class=\"field-item\"><div id=\"panel-1211-0-0-2\" class=\"so-panel widget widget_sow-editor\" data-index=\"2\"><div class=\"so-widget-sow-editor so-widget-sow-editor-base\"><div class=\"siteorigin-widget-tinymce textwidget\"><p>Est\u00e1 usted accediendo a la web site: <a href=\"https:\/\/granitosurbanos.pt\" target=\"_blank\" rel=\"noopener\"><strong>granitosurbanos.pt<\/strong><\/a>, en adelante <span id=\"u1439-6\">WEB<\/span>, propiedad de <strong>Granitos Urbanos LDA<\/strong> , NIF: 000000 y tel\u00e9fono: <strong>+351 837 745<\/strong>, en adelante la Propiedad.<\/p><p>\u00a0<\/p><h5><span id=\"u1439-13\" style=\"color: #ffcd00;\">CONDICIONES GENERALES<\/span><\/h5><p>Esta <span id=\"u1439-18\">WEB<\/span> podr\u00e1 ser visitada por cualquier usuario de modo libre y gratuito siempre que sea para su uso a nivel exclusivamente personal. Se entender\u00e1 por usuario toda persona f\u00edsica o jur\u00eddica que ejerza su acceso o lo haya ejercido, a esta web, y que estar\u00e1 en todo caso sujeta por lo tanto a las presentes <span id=\"u1439-20\">Condiciones Generales<\/span> y al contenido de la <span id=\"u1439-22\">Nota Legal<\/span>, en su totalidad.<\/p><p>En todo caso, el usuario deber\u00e1 utilizar esta web y sus contenidos y\/o servicios de forma adecuada y de conformidad con las presentes <span id=\"u1439-27\">Condiciones Generales <\/span>y el contenido de la <span id=\"u1439-29\">Nota Legal<\/span>, as\u00ed como en observancia a la ley, la \u00e9tica y la moral, el orden p\u00fablico y las buenas costumbres. La Propiedad se reservar\u00e1 el derecho de denegar o retirar el acceso a esta web y\/o a los servicios que contiene, en cualquier momento y sin necesidad de previa comunicaci\u00f3n, a cualquier usuario que no cumpla con lo establecido en las presentes Condiciones Generales, y en especial con lo recogido en el p\u00e1rrafo anterior.<\/p><p>La Propiedad no exige la suscripci\u00f3n o registro previos a los usuarios para el acceso y uso de esta <span id=\"u1439-37\">WEB<\/span>.<\/p><p>La Propiedad, se reserva el derecho de modificar o suprimir en cualquier momento y sin previo aviso los contenidos, servicios e informaciones que se encuentran en esta <span id=\"u1439-43\">web<\/span>.<\/p><p>Para la prestaci\u00f3n de los servicios o productos ofrecidos en esta web, <span id=\"u1439-48\">la Propiedad <\/span>entiende necesario que el <span id=\"u1439-50\">Usuario<\/span> rellene todos los datos y dem\u00e1s informaci\u00f3n solicitada en los formularios que contenga la <span id=\"u1439-52\">WEB<\/span> para cada caso, salvo que se establezca expresamente lo contrario. En caso de que el Usuario no rellene todos los campos de datos del formulario, la Propiedad podr\u00e1 decidir la no prestaci\u00f3n al usuario del servicio o producto solicitado.<\/p><p><strong>Por su parte, el usuario:<\/strong><\/p><p>\u2013 Se compromete a utilizar esta <span id=\"u1439-61\">WEB<\/span>, su informaci\u00f3n y sus servicios de conformidad con las presentes condiciones y la normativa vigente que sea de aplicaci\u00f3n.<\/p><p>\u2013 Se obliga a abstenerse de utilizar esta <span id=\"u1439-66\">WEB<\/span> y sus servicios con fines u objetivos il\u00edcitos, contrarios a lo establecido en estas condiciones generales, lesivos de los derechos e intereses de terceros, o que de cualquier forma puedan da\u00f1ar, inutilizar, sobrecargar o deteriorar el portal y los servicios o impedir la normal utilizaci\u00f3n o disfrute de esta web y de sus servicios por parte del resto de Usuarios y\/o interesados.<\/p><p>\u2013 El Usuario deber\u00e1 abstenerse de obtener e incluso de intentar obtener informaciones, mensajes, gr\u00e1ficos, dibujos, archivos de sonido y\/o imagen, fotograf\u00edas, grabaciones, software y, en general, cualquier clase de material accesible a trav\u00e9s de esta web, empleando para ello medios o procedimientos distintos de los que se hayan puesto a su disposici\u00f3n con dicha finalidad o se hayan indicado a trav\u00e9s de esta web.<\/p><p>La inclusi\u00f3n de los contenidos de esta web en otros portales de Internet, en otros medios o soportes, no est\u00e1 permitida. Tampoco se permite la reproducci\u00f3n, distribuci\u00f3n, comunicaci\u00f3n p\u00fablica ni transformaci\u00f3n de dichos contenidos, ya sea gratuita u onerosamente, en cualquier forma o soporte.<\/p><p>\u00a0<\/p><h4 id=\"u1439-78\"><span style=\"color: #ffcd00;\">POL\u00cdTICA DE PRIVACIDAD<\/span><\/h4><p>La Propiedad informa a los usuarios de que a trav\u00e9s de la p\u00e1gina web no se recogen datos de car\u00e1cter personal, salvo donde as\u00ed se indique. Los datos que se facilitan a trav\u00e9s de los formularios o correos electr\u00f3nicos que aparecen en la web se incluir\u00e1n en los ficheros de la Propiedad para contactar por usted y atender su solicitud de manera m\u00e1s conveniente.<\/p><p>Al enviar sus datos, usted reconoce haber le\u00eddo y aceptado los t\u00e9rminos y condiciones generales y especiales. Los datos personales de los usuarios enviados con arreglo a lo previsto en el punto precedente ser\u00e1n utilizados con la finalidad, en la forma y con las limitaciones, derechos y obligaciones que recoge la Ley Org\u00e1nica de Protecci\u00f3n de Datos de Car\u00e1cter Personal. El usuario puede ejercitar sus derechos de acceso, cancelaci\u00f3n, rectificaci\u00f3n u oposici\u00f3n, en su caso, presentaci\u00f3n su solicitud firmada, junto con la fotocopia del DNI dirigida a la denominaci\u00f3n social y domicilio arriba detallados.<\/p><p>\u00a0<\/p><h4 id=\"u1439-78\"><span style=\"color: #ffcd00;\">PROPIEDAD INTELECTUAL E INDUSTRIAL<\/span><\/h4><p>Todos los derechos de propiedad intelectual e industrial sobre cualesquiera contenidos de esta web, son titularidad de la Propiedad y como tales est\u00e1n protegidos por la legislaci\u00f3n espa\u00f1ola.<\/p><p>Entendi\u00e9ndose comprendidos entre dichos derechos, a modo de ejemplo y no limitativamente, cualesquiera derechos de propiedad intelectual e industrial sobre textos, im\u00e1genes, dibujos, juegos de colores, archivos de audio y\/o v\u00eddeo, software, animaciones, marcas, logotipos, <span id=\"u1439-86\">slogan<\/span> y dise\u00f1os, programas, elementos, c\u00f3digos, tipograf\u00edas, interfaces, aplicaciones, estructura, selecci\u00f3n, ordenaci\u00f3n y presentaci\u00f3n de cualquier informaci\u00f3n y\/o contenido de esta web.<\/p><p>Queda expresamente prohibida, en todo caso, la reproducci\u00f3n, copia, difusi\u00f3n, distribuci\u00f3n, modificaci\u00f3n, transformaci\u00f3n, supresi\u00f3n, manipulaci\u00f3n, o cualquier otra forma de utilizaci\u00f3n, con o sin \u00e1nimo de lucro, de todo o parte de esta web sus contenidos, sin la autorizaci\u00f3n previa, expresa y por escrito de la Propiedad.<\/p><p>La Propiedad no se responsabiliza en ning\u00fan caso de la titularidad de los logotipos, im\u00e1genes, <span id=\"u1439-97\">slogan<\/span>, marcas, dise\u00f1os\u2026 que utiliza para los trabajos de sus clientes, en aquellos casos en los que dichos elementos no hayan sido conceptualizados, creados y proyectados espec\u00edficamente por encargo de los mismos a la Propiedad. Y en consecuencia entiende que los mismos son leg\u00edtimamente pertenecientes a sus titulares, que han autorizado a la Propiedad su uso para su inclusi\u00f3n en los cat\u00e1logos, soportes, anuncios, <span id=\"u1439-103\">flyers<\/span>, <span id=\"u1439-105\">banners<\/span>\u2026 que la presente <span id=\"u1439-107\">WEB<\/span> reproduce o a los que da acceso a trav\u00e9s de los <span id=\"u1439-109\">links<\/span> contenidos en la misma.<\/p><p>Las personas que consideren infringidos sus derechos de propiedad intelectual o industrial por alguno de dichos contenidos podr\u00e1n ponerse en contacto con la Propiedad (<strong>Granitos Urbanos LDA<\/strong> y NIF: 000000).<\/p><p>\u00a0<\/p><h4 id=\"u1439-120\"><span style=\"color: #ffcd00;\">DATOS DE CAR\u00c1CTER PERSONAL<\/span><\/h4><p>A los efectos de lo dispuesto en la Ley Org\u00e1nica 15\/99 de 13 de diciembre de Protecci\u00f3n de Datos de Car\u00e1cter Personal, la Propiedad comunica al <span id=\"u1439-125\">Usuario<\/span> que los datos facilitados para la formalizaci\u00f3n de los formularios contenidos en esta web, podr\u00e1n quedar almacenados en ficheros automatizados cuyo responsable es la Propiedad (<strong>Granitos Urbanos LDA<\/strong> y NIF: 000000), cuya finalidad es mantener una relaci\u00f3n con los interesados o incluso contactar con ellos por los medios facilitados si as\u00ed se solicita. En el caso de los datos recogidos a trav\u00e9s del formulario de contacto, la base legal del tratamiento es la de cumplir con una solicitud realizada por el interesado.<\/p><p>En el caso de los datos recibidos a trav\u00e9s del formulario de contacto, sus datos ser\u00e1n conservados al menos durante 12 meses y en caso de que se formalice una relaci\u00f3n de servicios se conservar\u00e1n al menos durante 5 a\u00f1os. Una vez transcurrido, en ambos casos, el periodo de tiempo se\u00f1alado, ser\u00e1n destruidos por medios que garantizan que no se puede recuperar informaci\u00f3n.<\/p><p>En este mismo sentido, los interesados podr\u00e1n ejercitar el derecho de acceso, rectificaci\u00f3n y cancelaci\u00f3n de los datos, enviando una solicitud con las instrucciones precisas al efecto.<\/p><p>Los formularios contenidos en esta <span id=\"u1439-137\">WEB<\/span> no van dirigidos a personas menores de edad. La Propiedad no se hace responsable de los casos en que personas menores de edad le hayan remitido datos de car\u00e1cter personal a trav\u00e9s de esta web. Quien tenga la patria potestad y\/o sea el tutor legal del menor, podr\u00e1 ejercitar el derecho de acceso, rectificaci\u00f3n y cancelaci\u00f3n de los datos.<\/p><p>El env\u00edo de los formularios incluidos en la <span id=\"u1439-144\">WEB<\/span> implicar\u00e1 el consentimiento expreso del <span id=\"u1439-146\">Usuario<\/span> para que la Propiedad ceda los datos de car\u00e1cter personal de dicho<span id=\"u1439-150\"> Usuario<\/span> a todas las personas que sean necesarias para llevar a cabo las finalidades del fichero automatizado de que se trate.<\/p><p>En el caso de que el <span id=\"u1439-155\">Usuario<\/span> introduzca comentarios o solicite informaci\u00f3n a trav\u00e9s de esta web, la Propiedad podr\u00e1 hacer averiguaciones para verificar su residencia u otros datos, con el fin de asegurarse de que la respuesta o informaci\u00f3n ofrecida es adecuada. La Propiedad no recopilar\u00e1 datos personales autom\u00e1ticamente, pero podr\u00eda unir informaci\u00f3n no personal recopilada autom\u00e1ticamente con los datos personales que hayan sido proporcionados por los usuarios con anterioridad.<\/p><p>\u00a0<\/p><h4 id=\"u1439-165\"><span style=\"color: #ffcd00;\">MECANISMOS DE ENLACE Y SITIOS ENLAZADOS<\/span><\/h4><p>La Propiedad podr\u00e1 poner a disposici\u00f3n del <span id=\"u1439-169\">Usuario<\/span> dispositivos t\u00e9cnicos de enlace (tales como <span id=\"u1439-171\">links<\/span>, <span id=\"u1439-173\">banners<\/span> o botones, entre otros), directorios y herramientas de b\u00fasqueda (en adelante todos ellos englobados en el t\u00e9rmino \u201cMecanismos de Enlace\u201d) que permitan al <span id=\"u1439-175\">Usuario<\/span> acceder a webs ajenas a la Propiedad y\/o gestionadas por terceros (en adelante \u201cSitios Enlazados\u201d).<\/p><p>La instalaci\u00f3n de dichos <span id=\"u1439-182\">Mecanismos de Enlace <\/span>en esta <span id=\"u1439-184\">WEB<\/span> tiene por \u00fanico objeto facilitar al <span id=\"u1439-186\">Usuario<\/span> la b\u00fasqueda y el acceso a la informaci\u00f3n disponible en Internet, as\u00ed como dar a conocer los trabajos que la Propiedad haya podido realizar para dichos terceros, con los que en todo caso ha mantenido o mantiene una relaci\u00f3n empresarial, comercial o de prestaci\u00f3n de servicios.<\/p><p>La Propiedad declina toda responsabilidad en cuanto a cualesquiera da\u00f1os y\/o perjuicios que el Usuario pueda sufrir a trav\u00e9s de los Mecanismos de Enlace y\/o los Sitios Enlazados, especialmente en lo relativo a:<\/p><p>a. Su funcionamiento, disponibilidad, accesibilidad o continuidad;<\/p><p>b. El mantenimiento de los servicios, contenidos, informaci\u00f3n, datos, archivos, productos y cualquier clase de material que puedan contener;<\/p><p>c. La prestaci\u00f3n o transmisi\u00f3n de los servicios, contenidos, informaci\u00f3n, datos, archivos, productos y cualquier clase de material que puedan ofrecer;<\/p><p>d. La calidad, licitud, fiabilidad y utilidad de los servicios, contenidos, informaci\u00f3n, datos, archivos, productos y cualquier clase de material que contengan.<\/p><p>e. Virus u otros elementos lesivos que puedan transmitir esos Mecanismos de Enlace o Sitios Enlazados, que puedan producir alteraciones en los sistemas inform\u00e1ticos (<span id=\"u1439-205\">software<\/span> y <span id=\"u1439-207\">hardware<\/span>) del <span id=\"u1439-209\">Usuario<\/span>, o en los documentos electr\u00f3nicos y ficheros almacenados en los mismos.<\/p><p>La Propiedad no ofrece ni comercializa por s\u00ed ni por medio de terceros los productos y servicios disponibles en los enlaces o Sitios Enlazados.<\/p><p>La Propiedad advierte que no controla previamente, aprueba, vigila ni hace propios los productos y servicios, contenidos, informaci\u00f3n, datos, archivos y cualquier clase de material existente en los Mecanismos de Enlace y\/o Sitios Enlazados. Por tanto <span id=\"u1439-219\">la Propiedad <\/span>recomienda al Usuario extremar su prudencia en la valoraci\u00f3n y utilizaci\u00f3n de los servicios, informaci\u00f3n, datos, archivos, productos y cualquier clase de material existente en tales Mecanismos de Enlace y\/o Sitios Enlazados. A su vez, el <span id=\"u1439-221\">Usuario<\/span> y, en general, aquellas personas que se propongan establecer Mecanismos de Enlace en sus propias web (en adelante, \u201cweb ajena\u201d) para enlazar esta web como Sitio Enlazado deber\u00e1n cumplir las siguientes condiciones:<\/p><p>a. Se proh\u00edbe establecer cualquier enlace con esta web que no conduzca a su home-page o p\u00e1gina de inicio;<\/p><p>b. El enlace \u00fanicamente permitir\u00e1 el acceso a esta web, pero no podr\u00e1 reproducirla de ninguna forma;<\/p><p>c. Se proh\u00edbe crear un <span id=\"u1439-230\">browser<\/span> o un <span id=\"u1439-232\">border enviroment <\/span>sobre esta web;<\/p><p>d. Se proh\u00edbe realizar manifestaciones o indicaciones falsas, inexactas o incorrectas sobre esta <span id=\"u1439-236\">WEB<\/span> y\/o sus contenidos y, en particular, se proh\u00edbe declarar o dar a entender que la Propiedad ha autorizado el enlace o que ha supervisado o asumido de cualquier forma los contenidos o servicios ofrecidos o puestos a disposici\u00f3n en la web ajena en el que se establece el enlace;<\/p><p>e. Excepci\u00f3n hecha de aquellos signos que formen parte del mismo enlace, se proh\u00edbe que la web ajena en la que se establezca el enlace con esta web contenga ninguna marca, nombre comercial, r\u00f3tulo de establecimiento, denominaci\u00f3n, logotipo, <span id=\"u1439-242\">slogan<\/span> u otros signos distintivos pertenecientes a la Propiedad o cualquiera de sus clientes;<\/p><p>f. Se proh\u00edbe que la web ajena en la que se establezca el enlace contenga informaciones o contenidos il\u00edcitos, contrarios a la moral, el orden p\u00fablico y las buenas costumbres generalmente aceptadas, o contenidos que puedan vulnerar derechos de terceros.<\/p><p>g. Se proh\u00edbe especialmente la utilizaci\u00f3n de cualesquiera marcas, nombres, nombres comerciales, r\u00f3tulos, <span id=\"u1439-250\">slogans<\/span>, denominaciones y otros signos distintivos pertenecientes a la Propiedad en las key words o meta names de ninguna web ajena sin la autorizaci\u00f3n previa, expresa y espec\u00edfica de la Propiedad para ello.<\/p><p>El establecimiento del enlace en una web ajena con esta web no implica en ning\u00fan caso la existencia de relaciones entre <span id=\"u1439-259\">la Propiedad <\/span>y el propietario de dicha web ajena, ni la aceptaci\u00f3n y\/o aprobaci\u00f3n por parte de la Propiedad de sus contenidos o servicios, salvo que se expresamente se haya manifestado lo contrario por la Propiedad.<\/p><p>\u00a0<\/p><h4 id=\"u1439-267\"><span style=\"color: #ffcd00;\">USO DE COOKIES<\/span><\/h4><p>Con el fin de reconocerte y prestarte un mejor servicio, nuestro sitio utiliza cookies, que son peque\u00f1os archivos de texto que tu navegador almacena. La aceptaci\u00f3n de nuestras cookies conlleva numerosas ventajas, pero sobre todo se traduce en un ahorro de tiempo. Asimismo, pueden ser utilizadas tambi\u00e9n para reconocerte entre visitas sucesivas y, de esta manera, adaptar el contenido que se te muestra, para obtener informaci\u00f3n acerca de la fecha y hora de la \u00faltima visita, para medir algunos par\u00e1metros de tr\u00e1fico dentro del propio sitio o para estimar el n\u00famero de visitas realizadas. Mediante: el acceso a esta web, aceptas de manera expresa que podamos usar este tipo de cookies en tus dispositivos. Si desactivas las cookies, puede que tu navegaci\u00f3n por el site no sea \u00f3ptima y que algunas de las utilidades no funcionan correctamente.<\/p><p>\u00a0<\/p><h4 id=\"u1439-300\"><span style=\"color: #ffcd00;\">PROTECCI\u00d3N DE DATOS<\/span><\/h4><p><strong>Granitos Urbanos LDA<\/strong>, garantiza la seguridad y confidencialidad de los datos de car\u00e1cter personal facilitados por sus clientes y proveedores, y as\u00ed, de conformidad con lo establecido en la Ley Org\u00e1nica de Protecci\u00f3n de Datos de Car\u00e1cter Personal (LOPD) y en la normativa de desarrollo, el cliente\/usuario queda informado y presta su consentimiento a la incorporaci\u00f3n de sus datos a los ficheros automatizados y el tratamiento automatizado de los mismo, incluyendo aquellos a los que La Propiedad tenga acceso como consecuencia de su navegaci\u00f3n por esta p\u00e1gina web, para la finalidad de env\u00edo de comunicaciones comerciales, comercializaci\u00f3n de servicios y productos, del mantenimiento de su relaci\u00f3n contractual y de gesti\u00f3n con nuestra empresa, al objeto de adecuar nuestras relaciones comerciales a sus caracter\u00edsticas particulares. Los destinatarios de dichos datos ser\u00e1n los servicios propios de La Propiedad.<\/p><p>Estos datos personales est\u00e1n siendo tratados e incorporados a los correspondientes ficheros automatizados, siguiendo la normativa vigente de la Agencia de Protecci\u00f3n de Datos.<\/p><p>La pol\u00edtica de privacidad de La Propiedad asegura, en todo caso, el ejercicio de los derechos de acceso, rectificaci\u00f3n, cancelaci\u00f3n, informaci\u00f3n de valoraciones y oposici\u00f3n, en los t\u00e9rminos establecidos en la legislaci\u00f3n vigente. Por ello, de conformidad con lo establecido en la Ley de Protecci\u00f3n de Datos de Car\u00e1cter Personal (LOPD) y en la normativa de desarrollo, se garantiza la adopci\u00f3n de las medidas necesarias para asegurar el tratamiento confidencial de dicho datos y le informa de la posibilidad de ejercitar, conforme a dicha normativa, los derechos de acceso, rectificaci\u00f3n, cancelaci\u00f3n y oposici\u00f3n, dirigiendo un escrito a la direcci\u00f3n que consta en el encabezado.<\/p><p>\u00a0<\/p><h4 id=\"u1439-313\"><span style=\"color: #ffcd00;\">RESPONSABILIDAD<\/span><\/h4><p>El acceso a esta web implica la aceptaci\u00f3n por el usuario de las presentes Condiciones Generales y del contenido de la Nota Legal, y su compromiso de respetarlos.<\/p><\/div><\/div><\/div><\/div><\/div><\/div><\/div><\/div><\/div>\t\t\t\t\t\t<\/div>\n\t\t\t\t<\/div>\n\t\t\t\t\t<\/div>\n\t\t<\/div>\n\t\t\t\t<div class=\"elementor-column elementor-col-33 elementor-top-column elementor-element elementor-element-e6bc9af\" data-id=\"e6bc9af\" data-element_type=\"column\">\n\t\t\t<div class=\"elementor-widget-wrap\">\n\t\t\t\t\t\t\t\t\t<\/div>\n\t\t<\/div>\n\t\t\t\t\t\t\t<\/div>\n\t\t<\/section>\n\t\t\t\t\t\t\t<\/div>\n\t\t","protected":false},"excerpt":{"rendered":"<p>Pol\u00edtica de Privacidad Est\u00e1 usted accediendo a la web site: granitosurbanos.pt, en adelante WEB, propiedad de Granitos Urbanos LDA , NIF: 000000 y tel\u00e9fono: +351 837 745, en adelante la Propiedad. \u00a0 CONDICIONES GENERALES Esta WEB podr\u00e1 ser visitada por cualquier usuario de modo libre y gratuito siempre que sea para su uso a nivel &hellip;<\/p>\n<p class=\"read-more\"> <a class=\"\" href=\"https:\/\/granitosurbanos.pt\/index.php\/politica_de_privacidad\"> <span class=\"screen-reader-text\">Pol\u00edtica de privacidad<\/span> Leer m\u00e1s &raquo;<\/a><\/p>\n","protected":false},"author":1,"featured_media":0,"parent":0,"menu_order":0,"comment_status":"closed","ping_status":"closed","template":"","meta":{"site-sidebar-layout":"no-sidebar","site-content-layout":"page-builder","ast-global-header-display":"","ast-main-header-display":"","ast-hfb-above-header-display":"","ast-hfb-below-header-display":"","ast-hfb-mobile-header-display":"","site-post-title":"disabled","ast-breadcrumbs-content":"","ast-featured-img":"disabled","footer-sml-layout":"","theme-transparent-header-meta":"enabled","adv-header-id-meta":"","stick-header-meta":"","header-above-stick-meta":"","header-main-stick-meta":"","header-below-stick-meta":""},"_links":{"self":[{"href":"https:\/\/granitosurbanos.pt\/index.php\/wp-json\/wp\/v2\/pages\/2611"}],"collection":[{"href":"https:\/\/granitosurbanos.pt\/index.php\/wp-json\/wp\/v2\/pages"}],"about":[{"href":"https:\/\/granitosurbanos.pt\/index.php\/wp-json\/wp\/v2\/types\/page"}],"author":[{"embeddable":true,"href":"https:\/\/granitosurbanos.pt\/index.php\/wp-json\/wp\/v2\/users\/1"}],"replies":[{"embeddable":true,"href":"https:\/\/granitosurbanos.pt\/index.php\/wp-json\/wp\/v2\/comments?post=2611"}],"version-history":[{"count":10,"href":"https:\/\/granitosurbanos.pt\/index.php\/wp-json\/wp\/v2\/pages\/2611\/revisions"}],"predecessor-version":[{"id":2629,"href":"https:\/\/granitosurbanos.pt\/index.php\/wp-json\/wp\/v2\/pages\/2611\/revisions\/2629"}],"wp:attachment":[{"href":"https:\/\/granitosurbanos.pt\/index.php\/wp-json\/wp\/v2\/media?parent=2611"}],"curies":[{"name":"wp","href":"https:\/\/api.w.org\/{rel}","templated":true}]}}